 = 12*d - 13*d. What are the prime factors of k?
5, 7, 13
Suppose -4*y = j - 28056 - 5854, -3*y + 25437 = 3*j. What are the prime factors of y?
7, 173
What are the prime factors of 179 - 169 - (0 + -1508)?
2, 3, 11, 23
Let j(k) = 4444*k + 2108. What are the prime factors of j(3)?
2, 5, 193
What are the prime factors of (24/6 + 3500)/((-16)/(-24))?
2, 3, 73
Suppose -473*d + 6799044 = 115*d. What are the prime factors of d?
31, 373
Let d = -17 - -12. Suppose -462*x + 463*x + 92 = 0. Let w = d - x. What are the prime factors of w?
3, 29
Let f(m) = m - 3. Suppose 0*o = -5*o + 25. Let u be f(o). Suppose -15 + 133 = u*g. List the prime factors of g.
59
Let f(u) = u**3 + 24*u**2 + 62*u - 9. Let m be f(-21). List the prime factors of m/32 - (807345/56)/(-11).
3, 19, 23
List the prime factors of ((-7)/(84/366)*302)/(2/(-4)).
2, 61, 151
Suppose 4*j = -n + 9*j + 10108, -10063 = -n - 4*j. What are the prime factors of n?
3, 3361
Suppose -107*z + 6 = -104*z. Suppose 2*v = 4*g - 2*v - 8, -z*g = v + 5. List the prime factors of 1 + g + (0 - (-7 + -220)).
227
Let x be 1 + 1 + -8 + -1. Let d(u) be the third derivative of u**5/20 + 7*u**4/24 + 11*u**3/6 - 2*u**2 + 11*u + 18. List the prime factors of d(x).
109
Let l(x) = x**3 + 7*x**2 - 17*x - 30. Let o be l(-12). What are the prime factors of (21/(7 - 4))/((-7)/o)?
2, 3, 7, 13
Suppose -5*o + 88706 = 29*o. List the prime factors of o.
2609
List the prime factors of (27 - 114/4)*59*(-2092)/6.
59, 523
Let a(b) be the first derivative of -4/3*b**3 + 2 + b**2 + 7*b - b**4. What are the prime factors of a(-3)?
73
Let v(i) = -2467*i + 369. List the prime factors of v(-17).
2, 7, 1511
Let h = 8960 - -32191. List the prime factors of h.
3, 11, 29, 43
Let f(n) = 124*n + 124. Let c(b) = 5*b. Let r(h) = 10*c(h) - f(h). List the prime factors of r(-8).
2, 3, 13
Let s be (32/20)/(3/15). Suppose 4*p - 2*w = -p + 12, -3*p + 5*w = s. Suppose c + 820 = 4*g - 3*c, -p*c = 2*g - 434. What are the prime factors of g?
11, 19
Suppose 0 = 3*i - 2*p - 22, 0 = -2*i - p + 4*p + 23. Suppose 0*s = i*s - 2036. List the prime factors of s.
509
Let s = 22254 - 11903. List the prime factors of s.
11, 941
Let b(z) = 5*z**3 - 14*z**2 + 51*z - 6. Suppose 5*l + 5*y - 23 = -8, y = -3. What are the prime factors of b(l)?
2, 3, 73
Suppose -9 = -3*h + 3*u, 0 = 8*h - 3*h + u - 9. Let v be ((96/(-28))/h)/((-10)/245). Let l = v - 7. List the prime factors of l.
5, 7
List the prime factors of -28 + 20 - -1*7965.
73, 109
Suppose 0 = -4*h - k + 4217, -2*h + 4*k + 2113 = 3*k. Suppose 345 = a + q, h = -a + 4*a - q. What are the prime factors of a?
2, 5, 7
Let c(k) = -1419*k - 2390. List the prime factors of c(-6).
2, 1531
Suppose 0 = 28*p + 7*p - 10815. Suppose 5*t - p = 236. What are the prime factors of t?
109
Suppose -29*p + 35900 = -4*p. Let c = p + -614. List the prime factors of c.
2, 3, 137
Let u(r) = r**3 + r**2 - r + 347. Let d be u(0). Suppose -4419 = -13*q - 4380. Suppose -4*w - q*i = -193 - d, 248 = 2*w - 4*i. What are the prime factors of w?
2, 3, 11
Let s be (2/3)/((-152)/2052). Let x(k) = -7 + 12 + 8 - k. What are the prime factors of x(s)?
2, 11
What are the prime factors of ((-1)/(-3)*70)/(-15*(-28)/78750)?
5, 7
Let h(a) = 187 + 24*a**2 - 443 + 184 + 3*a - 5*a**2. List the prime factors of h(6).
2, 3, 5, 7
Let q(g) = 5*g - 14. Let u be q(-8). Let d = -50 - u. Suppose -d*h + 83 = -429. List the prime factors of h.
2
List the prime factors of 14221/((-3)/33*-11).
14221
Let z(c) = 5*c - 33. Let a be z(8). Suppose 3*h - 5*h = a*h. What are the prime factors of ((-9)/5)/(h + (-4)/20)?
3
Let k(w) = 14*w - 39. Let d be k(3). Suppose -2596 = -7*v + d*v. What are the prime factors of v?
11, 59
Suppose -3*w + 1515 = -3*l - 492, -4*l - 12 = 0. What are the prime factors of (w/10)/(63/210)?
2, 3, 37
Let k be (-10)/(20/(-1026)) - -2. Let i = k + -155. List the prime factors of i.
2, 3, 5
Let y be (-1407)/28*(0 + 8/(-3)). Suppose -2*h + 532 = -4*l, -h + 0*h = 4*l - 290. Let f = h - y. What are the prime factors of f?
2, 5, 7
Let r = -41 + -8. Let h = r - -52. Suppose -c - 42 = -h*c. List the prime factors of c.
3, 7
Let m be (-18)/(-72)*(-1 - -1). Suppose m = 18*b - 9021 - 3489. What are the prime factors of b?
5, 139
Let h = 5003 + -1359. What are the prime factors of h?
2, 911
Suppose o - 27 + 22 = 0. Suppose 84 = o*w - 111. List the prime factors of w.
3, 13
Let l be (-20)/8 + 20/(-16)*-30. Let b(p) = 54*p - 244. List the prime factors of b(l).
2, 823
Suppose 27*k - 21*k - 12 = 0. Suppose 3*j + 992 + 287 = 2*a, 5*a - 3192 = k*j. List the prime factors of a.
2, 11, 29
Suppose 4748*n = 4742*n + 18708. List the prime factors of n.
2, 1559
Let h = 2949 - 1285. What are the prime factors of h?
2, 13
Let r = 117080 - 61891. List the prime factors of r.
229, 241
Let w(n) be the second derivative of 1/12*n**4 - 28*n + 0*n**2 + 0 + 2/3*n**3. What are the prime factors of w(-9)?
3, 5
Suppose 227 = h + 81. Let y = -50 + h. What are the prime factors of y?
2, 3
Let o = 27875 - 19319. What are the prime factors of o?
2, 3, 23, 31
Suppose -2*v + 2*n = -14976, 2*v - 868 - 14101 = -5*n. What are the prime factors of v?
7487
What are the prime factors of 23025/(-10)*-4*1/6?
5, 307
Let w be 12/36 - 136/(-6). Let k(g) = 159 - 22*g - 101 + 19*g - g**2 - w*g. List the prime factors of k(-24).
2, 53
Let z(c) = c**3 + 6*c**2 - 2*c - 9. Let p be z(-6). List the prime factors of p/(-10) - (-844464)/480.
1759
Let f = 3734 - 254. List the prime factors of f.
2, 3, 5, 29
Suppose -3*x + 74704 = 4*j - 17229, 0 = j + 5*x - 23013. List the prime factors of j.
2, 11489
Suppose 4*m = 9*m - 4*y - 20039, 12053 = 3*m + 5*y. What are the prime factors of m?
3, 7, 191
Suppose 2 = -j - 3*d + 5*d, 5*j - 3*d + 31 = 0. Let q = 211 - j. What are the prime factors of q?
3, 73
Let o(r) = -4*r**2 + 22*r + 192. Let q be o(-9). Let v = q - -482. What are the prime factors of v?
2, 19
Suppose -4*b - 3*r + 2 = -2*r, -r + 2 = 3*b. Suppose 4*y + 6*y - 2650 = b. List the prime factors of y.
5, 53
Suppose 4*w = -4*z + 34224, 34214 = 4*z - 69*w + 71*w. List the prime factors of z.
17, 503
Suppose 13*d - 184*d = -1405278. What are the prime factors of d?
2, 7, 587
What are the prime factors of 3781174/204 + ((-2)/(-60) - (-5)/(-25))?
5, 11, 337
Let k = -1850 - 33. What are the prime factors of -2*-3*k/(-21)?
2, 269
Let p be (-173*(5 - -13))/(6/(-4)). Let o = p + -535. What are the prime factors of o/9 - 17/((-918)/(-12))?
3, 19
Let o(c) = 2*c + 29. Let n be o(-6). Let r = n + -9. Suppose r*a - 14 = 50. List the prime factors of a.
2
Suppose 43*b - 4*h = 40*b + 27380, 5*h - 18238 = -2*b. What are the prime factors of b?
2, 2281
Suppose r + 138 = -45*r. List the prime factors of ((-246)/(-90) - (-1)/r)*300.
2, 3, 5
Suppose a + 2 = 0, -3*j + 2*j - 4*a = -161. Let o = j - 125. List the prime factors of o.
2, 11
Let x(d) = -918*d - 341. What are the prime factors of x(-6)?
5167
Suppose -4*y + 29 = 153. Let x = 32 + y. List the prime factors of (-153)/(-12)*6 - x/(-2).
7, 11
Let d = 152225 - 86815. What are the prime factors of d?
2, 5, 31, 211
Suppose -58*u + 6290907 = 201*u - 4538919. List the prime factors of u.
2, 3, 23, 101
Let u be 1/(-2)*(27 + -33). Suppose -15*o + 9228 = -u*o. Suppose -6*l + o = 205. List the prime factors of l.
2, 47
Suppose 4 - 20 = 4*h + 4*a, 5*h - 5*a = 10. Let m(w) = 162*w**2 + 1 - 37*w + 22*w + 14*w - 3. What are the prime factors of m(h)?
7, 23
Let i(w) = w**3 - 4*w**2 + 10*w - 5. Let b be -2 + 1 + -1 + 12. List the prime factors of i(b).
5, 139
Suppose -3*v + 1 = d - 4*v, 0 = 3*d + 2*v - 13. Suppose 0 = d*b - g - 280 + 33, g + 85 = b. Let x = b - 58. What are the prime factors of x?
23
Let h(o) be the third derivative of o**5/60 - 3*o**4/8 + 55*o**3/6 + 105*o**2. List the prime factors of h(4).
5, 7
Let y = 6509 + 5358. What are the prime factors of y?
11867
Suppose 0 = 2*i - 667*q + 669*q - 18714, -2*q - 46743 = -5*i. List the prime factors of i.
3, 1039
Suppose -k + 14799 = 3*u - 42660, 3*u - 2*k - 57468 = 0. What are the prime factors of u?
2, 61, 157
Suppose 8*j - 35 = -19. What are the prime factors of (0 + 1 + j)*5110/21?
2, 5, 73
Let y = -312 - -322. List the prime factors of 4/y + 0 + (-8108)/(-5).
2, 811
Let r be (-4)/18*1*(1 + -10). Suppose -3*b = r*j - 44, 4*b - 12 +